est common divisor of 114732213 and 18809?
2687
What is the greatest common factor of 288080186 and 7503?
2501
Calculate the highest common divisor of 68053749 and 1.
1
What is the highest common divisor of 8929482 and 824?
206
Calculate the highest common factor of 285956 and 52796.
268
Calculate the highest common factor of 1440117 and 3213.
63
Calculate the highest common divisor of 161 and 6677015.
23
What is the highest common divisor of 1260 and 1956960?
180
What is the greatest common divisor of 21558696 and 24?
24
What is the highest common factor of 297 and 15529266?
27
Calculate the highest common divisor of 101459365 and 1036.
259
Calculate the greatest common factor of 203051427 and 151113.
8889
Calculate the greatest common divisor of 814 and 8319872.
22
Calculate the greatest common divisor of 154 and 6846574.
14
Calculate the greatest common divisor of 367010621 and 59.
59
Calculate the highest common factor of 407 and 22405091.
37
Calculate the highest common divisor of 68 and 5083187.
17
What is the highest common divisor of 10841 and 39627?
37
Calculate the greatest common divisor of 6980 and 84220.
20
What is the greatest common factor of 3870 and 432623?
43
Calculate the highest common factor of 862287150 and 15.
15
Calculate the highest common divisor of 21944 and 36523256.
1688
Calculate the greatest common factor of 8348568 and 467376.
2568
What is the highest common divisor of 17 and 116044941?
17
What is the greatest common factor of 251668509 and 1767?
1767
Calculate the greatest common divisor of 41226249 and 186.
93
Calculate the greatest common divisor of 71858 and 117059.
1159
Calculate the highest common divisor of 16592260 and 160.
20
What is the greatest common divisor of 5676 and 428?
4
Calculate the highest common factor of 156943439 and 323.
323
Calculate the highest common factor of 695380 and 7630.
70
Calculate the greatest common divisor of 6444 and 69777243.
1611
Calculate the highest common divisor of 4154529 and 24.
3
Calculate the greatest common factor of 761690116 and 44.
44
What is the greatest common divisor of 2660 and 150086510?
1330
What is the greatest common divisor of 1074 and 1014378?
6
Calculate the highest common factor of 43 and 917300510.
43
Calculate the greatest common factor of 2299765 and 5265.
65
Calculate the highest common divisor of 15700470 and 360.
30
What is the highest common divisor of 144 and 1154772?
36
What is the greatest common factor of 355385 and 1995919?
1921
Calculate the greatest common factor of 138 and 35134432.
46
What is the highest common divisor of 5173161 and 22806?
3801
What is the greatest common divisor of 232290 and 34523100?
8010
What is the highest common factor of 1038 and 1189844868?
1038
What is the highest common factor of 90349732 and 59450?
2378
What is the greatest common divisor of 44592863 and 11697?
3899
Calculate the highest common divisor of 15215755 and 1825.
365
Calculate the greatest common divisor of 680891 and 1292617.
1537
What is the greatest common factor of 1218014 and 145502?
266
What is the greatest common divisor of 93 and 37471002?
93
Calculate the highest common divisor of 2319324 and 20.
4
Calculate the greatest common divisor of 108 and 148352364.
108
What is the highest common factor of 437640 and 5740?
140
What is the highest common divisor of 505606 and 1336602?
5006
Calculate the greatest common factor of 18064859 and 258.
43
What is the highest common divisor of 1915010 and 17594?
38
Calculate the highest common divisor of 906 and 2265975762.
906
What is the greatest common factor of 13893762 and 4086?
1362
What is the highest common factor of 30945564 and 1404?
1404
Calculate the highest common factor of 278616 and 2379.
39
Calculate the highest common divisor of 21561957 and 5301.
279
What is the greatest common factor of 5642 and 626806453?
2821
What is the greatest common factor of 827261066 and 118?
118
Calculate the highest common factor of 74 and 773349580.
74
Calculate the highest common factor of 714378 and 136802.
146
Calculate the greatest common divisor of 440360 and 85345.
505
What is the highest common divisor of 13351123 and 471?
157
Calculate the highest common factor of 63178 and 14818.
62
Calculate the greatest common factor of 162651618 and 108.
54
Calculate the greatest common divisor of 17345088 and 324.
36
Calculate the greatest common factor of 2758 and 17164.
14
Calculate the greatest common divisor of 52430 and 6006.
14
What is the highest common factor of 3 and 392573151?
3
Calculate the highest common divisor of 965 and 60725.
5
Calculate the highest common factor of 4008 and 127764.
12
What is the greatest common divisor of 1089780 and 1532580?
2460
What is the greatest common divisor of 26883 and 82737?
261
What is the greatest common factor of 1493866 and 10648?
242
What is the greatest common factor of 1859764092 and 12?
12
What is the highest common factor of 12 and 149927070?
6
What is the highest common divisor of 3536 and 6443216?
208
What is the highest common factor of 17110 and 23978070?
290
What is the greatest common divisor of 1203 and 373784130?
1203
Calculate the greatest common divisor of 55258 and 112.
14
What is the highest common factor of 123579578 and 682?
62
Calculate the highest common factor of 32405 and 194728126.
6481
What is the highest common divisor of 45254833 and 7527?
2509
What is the greatest common divisor of 6321 and 2578086?
147
Calculate the highest common divisor of 565913 and 2584.
17
What is the highest common divisor of 243 and 585269145?
243
What is the highest common divisor of 2257 and 55316813?
2257
Calculate the highest common divisor of 56118538 and 188622.
6986
Calculate the greatest common divisor of 336 and 1411746.
42
Calculate the highest common divisor of 117 and 59836374.
117
Calculate the highest common divisor of 21663469 and 271.
271
What is the greatest common divisor of 46798947 and 12402?
6201
What is the highest common divisor of 999180 and 12220?
260
What is the highest common divisor of 4308 and 698876788?
1436
Calculate the highest common divisor of 8044632 and 144.
72
Calculate the greatest common factor of 30856294 and 140.
14
Calculate the greatest common factor of 20830045 and 13145.
1195
What is the greatest common factor of 189166623 and 8634?
4317
Calculate the greatest common factor of 57658995 and 17685.
5895
Calculate the highest common factor of 73 and 14523569.
73
What is the greatest common divisor of 77565 and 684?
3
What is the greatest common factor of 81540043 and 11349?
1261
Calculate the highest common factor of 156 and 468964028.
52
Calculate the highest common factor of 38 and 260006260.
38
Calculate the greatest common factor of 5413095 and 707.
101
What is the greatest common factor of 125 and 221101375?
125
Calculate the highest common factor of 1685024 and 13024.
352
Calculate the highest common factor of 18704821 and 1528.
191
Calculate the highest common factor of 1110 and 18712560.
30
Calculate the greatest common factor of 1164339 and 1386.
99
Calculate the greatest common divisor of 33680 and 16328485.
2105
Calculate the highest common divisor of 737892 and 57474.
1854
What is the highest common divisor of 35183430 and 1620?
270
Calculate the greatest common factor of 200 and 837433900.
100
What is the greatest common factor of 2575 and 9926125?
25
Calculate the highest common factor of 11454 and 145251.
3
What is the highest common divisor of 10 and 790455960?
10
What is the highest common factor of 5180 and 253302000?
5180
What is the highest common factor of 12245 and 23892444?
2449
What is the highest common divisor of 3850 and 450250?
50
What is the greatest common divisor of 8740 and 24247420?
380
What is the highest common divisor of 25903718 and 82?
82
Calculate the greatest common divisor of 8488 and 328.
8
What is the greatest common divisor of 577 and 7139?
1
What is the highest common divisor of 11642974 and 405335?
2191
What is the highest common factor of 6633 and 2615283?
99
Calculate the highest common divisor of 1528 and 3917410.
382
Calculate the highest common factor of 2280 and 29300850.
570
Calculate the greatest common divisor of 5786 and 1456719.
11
Calculate the highest 